*h - 4. What is the tens digit of (g + (2 - 4) - -3) + 133?
3
Let g(i) = -24*i**2 - i - 2. Let t be g(-1). Let a = 171 + t. What is the tens digit of a?
4
Suppose 1 = -6*f + 1. Suppose 5*y - 470 = -o, -y + f*y + 120 = -5*o. What is the tens digit of y?
9
Let f(g) = -g + 8. Let z be (27/(-36))/((-1)/8). Let w be f(z). What is the units digit of ((-2)/(-2))/(2/w)?
1
Let j be (-68)/16 + 4 + 9/4. Suppose h + 204 = 5*h - j*i, 5*h = 4*i + 252. What is the units digit of h?
2
Let y = -55 - -55. Suppose y*c - 445 = -5*c. What is the tens digit of c?
8
What is the hundreds digit of 36/4*-4*308/(-8)?
3
Suppose -5*w + q = -1783, -93 = -w - q + 266. What is the units digit of w?
7
Suppose 0 = -18*l + 897 + 6789. What is the hundreds digit of l?
4
Suppose 2*b + 24 = -2*b. Let h(z) = 24*z**3 - 3 - 4*z - 12*z**3 - 11*z**3 + 6*z**2. What is the tens digit of h(b)?
2
Suppose 2*g - 5 = -1. Suppose z = g*z. Suppose 2*u - 27 - 75 = z. What is the tens digit of u?
5
Let h = 984 - -4. What is the hundreds digit of h?
9
Let n = 30 - -20. Suppose -2*s - z = n, 0*z = 2*z. Let v = s + 34. What is the units digit of v?
9
Let d(s) = s**3 - 12*s**2 + 12*s - 6. Let x be d(11). Suppose 0 = -x*t - 194 - 196. Let y = t + 110. What is the units digit of y?
2
Suppose -1 = c - 3. What is the units digit of (c/1)/(-14) + 282/14?
0
Let j(p) = 14*p + 62. What is the tens digit of j(9)?
8
Suppose -5*z = -99 - 481. Let a = -80 + z. What is the tens digit of a?
3
Let t = 91 + -87. Suppose 5*u + 70 = o - 15, 0 = -4*o - t*u + 244. What is the units digit of o?
5
Let a be (254/2)/((-2)/8). Let u = a + 783. What is the tens digit of u?
7
Let z(t) = -177*t + 461. What is the thousands digit of z(-7)?
1
Suppose -3*i + 0*h + 15 = -h, 3*h = -9. Suppose -5*d - i = -104. Suppose -2*u - 3*t = t - d, 5*u = -4*t + 74. What is the units digit of u?
8
Let i be (2 + 1)/(12/(-32)). What is the units digit of (0 - i)/((-5)/(-10))?
6
Let h = 341 + -140. Suppose 5*c + h = 8*c. What is the tens digit of c?
6
Let v(w) = -3*w**2 + 5*w**2 + 12*w + 1 - w**2. Suppose 4 = -2*k + 2, 0 = 5*b - 4*k + 56. What is the units digit of v(b)?
1
What is the tens digit of 17/((-204)/40)*3177/(-6)?
6
Let k = 2309 - -303. What is the tens digit of k?
1
Suppose a + 22 = 5. Let p = a + 21. What is the units digit of p?
4
Let d be (-20)/5 + 0 - 133. Let q = -35 - d. What is the tens digit of q?
0
Suppose 112*k - 11040 = 97*k. What is the hundreds digit of k?
7
Let n(c) = -c**2 - 27*c + 216. What is the units digit of n(6)?
8
Suppose -a = -2*s - 2333, -5*a + s - 4*s + 11613 = 0. What is the hundreds digit of a?
3
Suppose 0 = 4*r + 2 + 2. Let l(i) = -45*i - 3. What is the tens digit of l(r)?
4
What is the tens digit of (13/104*-12)/(6/(-4756))?
8
Let y(l) = -13*l + 28*l - 5*l + 6*l + 42 + l**2. What is the tens digit of y(-17)?
5
Let c be 32*1*(-10)/(-20). What is the tens digit of (23/4)/(c/128)?
4
What is the units digit of ((-1)/(-3))/(3/2412)?
8
Let j = 220 - 109. Suppose 4*n = 427 - j. What is the tens digit of n?
7
Let r(b) = 29*b + 60. What is the tens digit of r(22)?
9
Let q(i) = i**2 + 10*i + 13. Let t be q(-8). What is the tens digit of 1/(2752/916 + t)?
2
Suppose 5*m + 57 = 2*m. Let o = 57 + -102. Let n = m - o. What is the units digit of n?
6
Suppose -5*z + 28 + 17 = 0. Let p = -5 + z. What is the tens digit of p*(-4 + 2)*-3?
2
Let f(c) = -c**3 - c**2 + 5*c - 12. Let g = -8 - -2. What is the hundreds digit of f(g)?
1
Let x be -1 + 135/25 - 2/5. What is the units digit of 2 - ((0 - x) + (-198)/3)?
2
Let u be -2*((2 - -1) + 17 + -4). Suppose 2*d - 200 = -2*d. Let x = d + u. What is the tens digit of x?
1
Let y(u) = -415*u**3 - 3*u**2 + 3*u - 2. Let o be y(1). Let z = o - -648. What is the tens digit of z?
3
Suppose 27*y - 20 = 31*y. What is the units digit of 132 - (y/1 + 4)?
3
Suppose 1351 + 710 = 9*k. What is the tens digit of k?
2
Let v(f) = 2*f**2 - 16*f - 2. Let i(o) = -o**2 + o + 1. Let g(r) = -6*i(r) - v(r). Suppose 0 = -3*u, 4*n + 3*u = -3 - 17. What is the units digit of g(n)?
6
Let p be ((-2205)/25)/(-9) - (-2)/10. Suppose -14*s = -12*s - p. What is the units digit of s?
5
What is the units digit of (253 - (1 + -6 + 1))/1?
7
Let m = -365 + 534. What is the tens digit of m?
6
Let k = 40 - 26. Let y(s) = s**3 - 13*s**2 - 10*s - 4. What is the tens digit of y(k)?
5
Suppose 0 = 2*w - f + 56, -f = 2*w - 0*f + 64. Let z = w - -72. What is the tens digit of z?
4
Let r be -6*4*(-15)/(-72). Let i = 82 + r. What is the units digit of i?
7
Suppose -r + 12 = -29. Suppose -3*q - 37 = -49. Suppose 0 = -5*s + s - v + r, -45 = -q*s - 5*v. What is the units digit of s?
0
Let d = -367 + 753. What is the tens digit of d?
8
Let a(d) = -d**2 + 4*d + 2. Let f be a(4). Suppose -5*n - 205 = -3*m - 10*n, -f*m + 4*n + 144 = 0. What is the tens digit of m?
7
Let v = -1 + 5. Let l(x) = 4*x + 3. Let y be l(v). Suppose -4*u + 3*u = -y. What is the tens digit of u?
1
Suppose -j = -p + 125, -3*p + 3*j = -p - 248. Suppose -f + 131 = 5*s - 2*s, f - p = -5*s. What is the tens digit of f?
3
Let t = -542 + 694. What is the tens digit of t?
5
Let q be (0 + 1 - 11)*32/40. Let d(g) = -15*g + 22. What is the tens digit of d(q)?
4
Suppose -b - 29 = -40. Suppose -i + 1092 = b*i. What is the tens digit of i?
9
Suppose -18*v - 10*v = -4312. What is the hundreds digit of v?
1
Let g(v) = 114*v**2 + 22*v + 74. What is the hundreds digit of g(-5)?
8
Suppose 17526 + 13794 = 8*l. What is the tens digit of l?
1
Let u(f) = -6*f**2 + 10*f + 8. Let i be u(-6). Let v = -175 - i. What is the tens digit of v?
9
Suppose -3*t + 400 = -17. What is the units digit of t?
9
Let q = -32 - -92. Let w be 1 + 6/(-33) + 48/22. Suppose -j + q = w*j. What is the units digit of j?
5
Suppose -586 = -3*n - 19. What is the units digit of n?
9
What is the units digit of (12 - (-330)/(-44))/((-6)/(-4168))?
6
Let z(k) be the first derivative of -2*k**2 + 3*k + 1. Let f be z(-4). Let l = 35 - f. What is the tens digit of l?
1
Suppose -643 = -6*r + 3569. What is the hundreds digit of r?
7
Let c = 3 - -4. Suppose -20 - c = -3*w. What is the units digit of w?
9
Suppose -4*u = -3*u - 18. Let l = u - 10. What is the units digit of l?
8
What is the tens digit of 31550/18 + 108/486?
5
Let s be (-107)/(-5) - (-2)/(-5). Let y(g) = 20*g - 7. Let l be y(0). What is the units digit of s/(-6)*l*2?
9
Suppose -57*b - 47032 + 265228 = 0. What is the units digit of b?
8
Suppose 5*q + 2*i = -i + 29, 0 = -q - 2*i + 10. Let y = 22 - q. What is the units digit of y?
8
Let j = 17 + -16. Suppose 2*y + 10 = t, -t - j + 2 = y. Suppose 3*s + 2*d + 48 = t*s, 106 = 2*s + d. What is the tens digit of s?
5
Let v be 3/(((-3)/4)/1). Let i = v - -25. Let j = i - 13. What is the units digit of j?
8
Let q(s) = -s**3 + 5*s**2 - 2*s - 3. Let h be q(4). Let z be -1 + (-3)/(-12)*148. Suppose -2*l + h*l = z. What is the tens digit of l?
1
What is the tens digit of (4 - (-33)/(-6))*-362?
4
Suppose -11109 + 999 = -6*k. What is the tens digit of k?
8
Let s(x) = 17*x**2 + 18*x - 27. What is the units digit of s(-8)?
7
Let u(q) = 8*q**2 + 3*q - 74. What is the units digit of u(8)?
2
Let z = 1588 - 800. What is the units digit of z?
8
Let i(y) = 41*y**2 + y - 8. Let l be i(3). Suppose l = 5*s + 9. What is the units digit of s?
1
What is the hundreds digit of (-6 + (8 - 5) + 12)*127?
1
Let s(y) = -y**3 - 6*y**2 - 8*y + 17. What is the hundreds digit of s(-9)?
3
Suppose -9014 = -11*x + 8069. What is the hundreds digit of x?
5
What is the units digit of -8 + 0 + ((-751520)/(-10))/16?
9
Suppose -2 = m - 2*m. Let d be (1 - m)/((-2)/14). Suppose -5 = -p + 4*w + d, -2*p + 33 = -5*w. What is the tens digit of p?
2
Let f(n) = -8*n**2 - 3*n + 9. Let z be f(-6). Let s = 471 + z. Suppose -6 - s = -4*v. What is the units digit of v?
4
Let t be (48/30)/((-2)/(-40)). What is the tens digit of -4*(-2)/t - 321/(-12)?
2
Suppose -6*j + 154 = 4. Suppose -2*x = -5*y + j, -29 = -3*y + y - 3*x. Suppose -2*s + y*s = 245. What is the tens digit of s?
4
Let r = 2 - -1. Suppose -r*d = -11*d + 504. What is the tens digit of d?
6
Let m(z) = -z**3 - 11*z**2 + 17*z - 19. Let v be m(-13). Let r = -20 + v. What is the units digit of r?
8
Suppose -4*o = 2*k, 0 = -5*k - 4*o + 5*o + 22. Suppose k*g + 2*y = 954, 4*g - 2*y - 473 = 501. What is the tens digit of g?